{"id":2416,"date":"2020-10-21T18:46:06","date_gmt":"2020-10-21T18:46:06","guid":{"rendered":"https:\/\/marzuchowska.com\/?page_id=2416"},"modified":"2020-11-14T10:25:45","modified_gmt":"2020-11-14T10:25:45","slug":"sowko","status":"publish","type":"page","link":"https:\/\/marzuchowska.com\/?page_id=2416","title":{"rendered":"SOWKO"},"content":{"rendered":"\t\t<div data-elementor-type=\"wp-page\" data-elementor-id=\"2416\" class=\"elementor elementor-2416\">\n\t\t\t\t\t\t<div class=\"elementor-inner\">\n\t\t\t\t<div class=\"elementor-section-wrap\">\n\t\t\t\t\t\t\t\t\t<section class=\"elementor-section elementor-top-section elementor-element elementor-element-29f74475 elementor-section-full_width elementor-section-height-default elementor-section-height-default\" data-id=\"29f74475\" data-element_type=\"section\">\n\t\t\t\t\t\t<div class=\"elementor-container elementor-column-gap-no\">\n\t\t\t\t\t\t\t<div class=\"elementor-row\">\n\t\t\t\t\t<div class=\"elementor-column elementor-col-100 elementor-top-column elementor-element elementor-element-75460b4a\" data-id=\"75460b4a\" data-element_type=\"column\">\n\t\t\t<div class=\"elementor-column-wrap elementor-element-populated\">\n\t\t\t\t\t\t\t<div class=\"elementor-widget-wrap\">\n\t\t\t\t\t\t<div class=\"elementor-element elementor-element-20a78c28 elementor-widget elementor-widget-image\" data-id=\"20a78c28\" data-element_type=\"widget\" data-widget_type=\"image.default\">\n\t\t\t\t<div class=\"elementor-widget-container\">\n\t\t\t\t\t\t\t\t<div class=\"elementor-image\">\n\t\t\t\t\t\t\t\t\t\t\t\t<img width=\"1024\" height=\"376\" src=\"https:\/\/marzuchowska.com\/wp-content\/uploads\/2020\/10\/grafika1-2-1024x376.jpg\" class=\"attachment-large size-large wp-image-2418\" alt=\"\" loading=\"lazy\" srcset=\"https:\/\/marzuchowska.com\/wp-content\/uploads\/2020\/10\/grafika1-2-1024x376.jpg 1024w, https:\/\/marzuchowska.com\/wp-content\/uploads\/2020\/10\/grafika1-2-300x110.jpg 300w, https:\/\/marzuchowska.com\/wp-content\/uploads\/2020\/10\/grafika1-2-768x282.jpg 768w, https:\/\/marzuchowska.com\/wp-content\/uploads\/2020\/10\/grafika1-2-500x184.jpg 500w, https:\/\/marzuchowska.com\/wp-content\/uploads\/2020\/10\/grafika1-2-800x294.jpg 800w, https:\/\/marzuchowska.com\/wp-content\/uploads\/2020\/10\/grafika1-2-1280x470.jpg 1280w, https:\/\/marzuchowska.com\/wp-content\/uploads\/2020\/10\/grafika1-2-1920x706.jpg 1920w, https:\/\/marzuchowska.com\/wp-content\/uploads\/2020\/10\/grafika1-2-1536x565.jpg 1536w, https:\/\/marzuchowska.com\/wp-content\/uploads\/2020\/10\/grafika1-2-2048x753.jpg 2048w\" sizes=\"(max-width: 1024px) 100vw, 1024px\" \/>\t\t\t\t\t\t\t\t\t\t\t\t\t\t<\/div>\n\t\t\t\t\t\t<\/div>\n\t\t\t\t<\/div>\n\t\t\t\t\t\t<\/div>\n\t\t\t\t\t<\/div>\n\t\t<\/div>\n\t\t\t\t\t\t\t\t<\/div>\n\t\t\t\t\t<\/div>\n\t\t<\/section>\n\t\t\t\t<section class=\"elementor-section elementor-top-section elementor-element elementor-element-63b88a42 elementor-section-boxed elementor-section-height-default elementor-section-height-default\" data-id=\"63b88a42\" data-element_type=\"section\">\n\t\t\t\t\t\t<div class=\"elementor-container elementor-column-gap-no\">\n\t\t\t\t\t\t\t<div class=\"elementor-row\">\n\t\t\t\t\t<div class=\"elementor-column elementor-col-100 elementor-top-column elementor-element elementor-element-19a465a8\" data-id=\"19a465a8\" data-element_type=\"column\">\n\t\t\t<div class=\"elementor-column-wrap elementor-element-populated\">\n\t\t\t\t\t\t\t<div class=\"elementor-widget-wrap\">\n\t\t\t\t\t\t<div class=\"elementor-element elementor-element-2782390b elementor-widget elementor-widget-text-editor\" data-id=\"2782390b\" data-element_type=\"widget\" data-widget_type=\"text-editor.default\">\n\t\t\t\t<div class=\"elementor-widget-container\">\n\t\t\t\t\t\t\t\t<div class=\"elementor-text-editor elementor-clearfix\">\n\t\t\t\t<h4 style=\"font-style: normal;\"><span style=\"font-weight: bold;\">LOGO SOWKO<\/span><\/h4>\t\t\t\t\t<\/div>\n\t\t\t\t\t\t<\/div>\n\t\t\t\t<\/div>\n\t\t\t\t\t\t<\/div>\n\t\t\t\t\t<\/div>\n\t\t<\/div>\n\t\t\t\t\t\t\t\t<\/div>\n\t\t\t\t\t<\/div>\n\t\t<\/section>\n\t\t\t\t<section class=\"elementor-section elementor-top-section elementor-element elementor-element-879df04 elementor-section-stretched elementor-section-boxed elementor-section-height-default elementor-section-height-default\" data-id=\"879df04\" data-element_type=\"section\" data-settings=\"{&quot;stretch_section&quot;:&quot;section-stretched&quot;}\">\n\t\t\t\t\t\t<div class=\"elementor-container elementor-column-gap-no\">\n\t\t\t\t\t\t\t<div class=\"elementor-row\">\n\t\t\t\t\t<div class=\"elementor-column elementor-col-33 elementor-top-column elementor-element elementor-element-324d9199\" data-id=\"324d9199\" data-element_type=\"column\">\n\t\t\t<div class=\"elementor-column-wrap elementor-element-populated\">\n\t\t\t\t\t\t\t<div class=\"elementor-widget-wrap\">\n\t\t\t\t\t\t<div class=\"elementor-element elementor-element-7852e3d4 elementor-widget elementor-widget-text-editor\" data-id=\"7852e3d4\" data-element_type=\"widget\" data-widget_type=\"text-editor.default\">\n\t\t\t\t<div class=\"elementor-widget-container\">\n\t\t\t\t\t\t\t\t<div class=\"elementor-text-editor elementor-clearfix\">\n\t\t\t\t<p><strong>Autorzy:<\/strong> Monika Marzuchowska<br \/><strong>Rok: <\/strong>2020r.<br \/><span style=\"font-size: 16px; font-style: normal;\"><b>Bran\u017ca<\/b><\/span><span style=\"font-size: 16px; font-style: normal; font-weight: 400;\">: drogeria internetowa<\/span><\/p>\t\t\t\t\t<\/div>\n\t\t\t\t\t\t<\/div>\n\t\t\t\t<\/div>\n\t\t\t\t<div class=\"elementor-element elementor-element-147ea9bd elementor-widget elementor-widget-text-editor\" data-id=\"147ea9bd\" data-element_type=\"widget\" data-widget_type=\"text-editor.default\">\n\t\t\t\t<div class=\"elementor-widget-container\">\n\t\t\t\t\t\t\t\t<div class=\"elementor-text-editor elementor-clearfix\">\n\t\t\t\t<p>Moim zadaniem by\u0142o zaprojektowanie logo dla drogerii internetowej, kt\u00f3r\u0105 prowadz\u0105 dwie wsp\u00f3lniczki.&nbsp;<br><span style=\"font-size: 16px;\">Logo mia\u0142o by\u0107 proste, ale jednocze\u015bnie subtelne i&nbsp; nowoczesne.&nbsp;&nbsp;<\/span><\/p>\t\t\t\t\t<\/div>\n\t\t\t\t\t\t<\/div>\n\t\t\t\t<\/div>\n\t\t\t\t\t\t<\/div>\n\t\t\t\t\t<\/div>\n\t\t<\/div>\n\t\t\t\t<div class=\"elementor-column elementor-col-33 elementor-top-column elementor-element elementor-element-c1b4f09\" data-id=\"c1b4f09\" data-element_type=\"column\">\n\t\t\t<div class=\"elementor-column-wrap\">\n\t\t\t\t\t\t\t<div class=\"elementor-widget-wrap\">\n\t\t\t\t\t\t\t\t<\/div>\n\t\t\t\t\t<\/div>\n\t\t<\/div>\n\t\t\t\t<div class=\"elementor-column elementor-col-33 elementor-top-column elementor-element elementor-element-6f577173\" data-id=\"6f577173\" data-element_type=\"column\">\n\t\t\t<div class=\"elementor-column-wrap elementor-element-populated\">\n\t\t\t\t\t\t\t<div class=\"elementor-widget-wrap\">\n\t\t\t\t\t\t<div class=\"elementor-element elementor-element-3ea446ae elementor-widget elementor-widget-spacer\" data-id=\"3ea446ae\" data-element_type=\"widget\" data-widget_type=\"spacer.default\">\n\t\t\t\t<div class=\"elementor-widget-container\">\n\t\t\t\t\t<div class=\"elementor-spacer\">\n\t\t\t<div class=\"elementor-spacer-inner\"><\/div>\n\t\t<\/div>\n\t\t\t\t<\/div>\n\t\t\t\t<\/div>\n\t\t\t\t<div class=\"elementor-element elementor-element-1940dc0c elementor-widget elementor-widget-text-editor\" data-id=\"1940dc0c\" data-element_type=\"widget\" data-widget_type=\"text-editor.default\">\n\t\t\t\t<div class=\"elementor-widget-container\">\n\t\t\t\t\t\t\t\t<div class=\"elementor-text-editor elementor-clearfix\">\n\t\t\t\t\t\t\t\t\t<\/div>\n\t\t\t\t\t\t<\/div>\n\t\t\t\t<\/div>\n\t\t\t\t\t\t<\/div>\n\t\t\t\t\t<\/div>\n\t\t<\/div>\n\t\t\t\t\t\t\t\t<\/div>\n\t\t\t\t\t<\/div>\n\t\t<\/section>\n\t\t\t\t\t\t\t\t\t<\/div>\n\t\t\t<\/div>\n\t\t\t\t\t<\/div>\n\t\t","protected":false},"excerpt":{"rendered":"<p>LOGO SOWKO Autorzy: Monika MarzuchowskaRok: 2020r.Bran\u017ca: drogeria internetowa Moim zadaniem by\u0142o zaprojektowanie logo dla drogerii internetowej, kt\u00f3r\u0105 prowadz\u0105 dwie wsp\u00f3lniczki.&nbsp;Logo mia\u0142o by\u0107 proste, ale jednocze\u015bnie subtelne i&nbsp; nowoczesne.&nbsp;&nbsp;<\/p>\n","protected":false},"author":4,"featured_media":0,"parent":2373,"menu_order":0,"comment_status":"closed","ping_status":"closed","template":"","meta":{"_uag_custom_page_level_css":"","_vp_format_video_url":"","_vp_image_focal_point":[],"_links_to":"","_links_to_target":""},"uagb_featured_image_src":{"full":false,"thumbnail":false,"medium":false,"medium_large":false,"large":false,"1536x1536":false,"2048x2048":false,"vp_sm":false,"vp_md":false,"vp_lg":false,"vp_xl":false,"vp_sm_popup":false,"vp_md_popup":false,"vp_xl_popup":false},"uagb_author_info":{"display_name":"Natalia","author_link":"https:\/\/marzuchowska.com\/?author=4"},"uagb_comment_info":0,"uagb_excerpt":"LOGO SOWKO Autorzy: Monika MarzuchowskaRok: 2020r.Bran\u017ca: drogeria internetowa Moim zadaniem by\u0142o zaprojektowanie logo dla drogerii internetowej, kt\u00f3r\u0105 prowadz\u0105 dwie wsp\u00f3lniczki.&nbsp;Logo mia\u0142o by\u0107 proste, ale jednocze\u015bnie subtelne i&nbsp; nowoczesne.&nbsp;&nbsp;","_links":{"self":[{"href":"https:\/\/marzuchowska.com\/index.php?rest_route=\/wp\/v2\/pages\/2416"}],"collection":[{"href":"https:\/\/marzuchowska.com\/index.php?rest_route=\/wp\/v2\/pages"}],"about":[{"href":"https:\/\/marzuchowska.com\/index.php?rest_route=\/wp\/v2\/types\/page"}],"author":[{"embeddable":true,"href":"https:\/\/marzuchowska.com\/index.php?rest_route=\/wp\/v2\/users\/4"}],"replies":[{"embeddable":true,"href":"https:\/\/marzuchowska.com\/index.php?rest_route=%2Fwp%2Fv2%2Fcomments&post=2416"}],"version-history":[{"count":23,"href":"https:\/\/marzuchowska.com\/index.php?rest_route=\/wp\/v2\/pages\/2416\/revisions"}],"predecessor-version":[{"id":2594,"href":"https:\/\/marzuchowska.com\/index.php?rest_route=\/wp\/v2\/pages\/2416\/revisions\/2594"}],"up":[{"embeddable":true,"href":"https:\/\/marzuchowska.com\/index.php?rest_route=\/wp\/v2\/pages\/2373"}],"wp:attachment":[{"href":"https:\/\/marzuchowska.com\/index.php?rest_route=%2Fwp%2Fv2%2Fmedia&parent=2416"}],"curies":[{"name":"wp","href":"https:\/\/api.w.org\/{rel}","templated":true}]}}