{"id":2943,"date":"2021-01-04T21:38:51","date_gmt":"2021-01-04T21:38:51","guid":{"rendered":"https:\/\/marzuchowska.com\/?page_id=2943"},"modified":"2021-01-19T07:11:32","modified_gmt":"2021-01-19T07:11:32","slug":"elementor-2943","status":"publish","type":"page","link":"https:\/\/marzuchowska.com\/?page_id=2943","title":{"rendered":"PARK SKARYSZEWSKI"},"content":{"rendered":"\t\t<div data-elementor-type=\"wp-page\" data-elementor-id=\"2943\" class=\"elementor elementor-2943\">\n\t\t\t\t\t\t<div class=\"elementor-inner\">\n\t\t\t\t<div class=\"elementor-section-wrap\">\n\t\t\t\t\t\t\t\t\t<section class=\"elementor-section elementor-top-section elementor-element elementor-element-5e3cdc06 elementor-section-full_width elementor-section-height-default elementor-section-height-default\" data-id=\"5e3cdc06\" data-element_type=\"section\">\n\t\t\t\t\t\t<div class=\"elementor-container elementor-column-gap-no\">\n\t\t\t\t\t\t\t<div class=\"elementor-row\">\n\t\t\t\t\t<div class=\"elementor-column elementor-col-100 elementor-top-column elementor-element elementor-element-7a18c66f\" data-id=\"7a18c66f\" data-element_type=\"column\">\n\t\t\t<div class=\"elementor-column-wrap elementor-element-populated\">\n\t\t\t\t\t\t\t<div class=\"elementor-widget-wrap\">\n\t\t\t\t\t\t<div class=\"elementor-element elementor-element-2cd72546 elementor-widget elementor-widget-image\" data-id=\"2cd72546\" data-element_type=\"widget\" data-widget_type=\"image.default\">\n\t\t\t\t<div class=\"elementor-widget-container\">\n\t\t\t\t\t\t\t\t<div class=\"elementor-image\">\n\t\t\t\t\t\t\t\t\t\t\t\t<img width=\"1024\" height=\"592\" src=\"https:\/\/marzuchowska.com\/wp-content\/uploads\/2021\/01\/grafika-000-1024x592.jpg\" class=\"attachment-large size-large wp-image-2997\" alt=\"\" loading=\"lazy\" srcset=\"https:\/\/marzuchowska.com\/wp-content\/uploads\/2021\/01\/grafika-000-1024x592.jpg 1024w, https:\/\/marzuchowska.com\/wp-content\/uploads\/2021\/01\/grafika-000-300x174.jpg 300w, https:\/\/marzuchowska.com\/wp-content\/uploads\/2021\/01\/grafika-000-768x444.jpg 768w, https:\/\/marzuchowska.com\/wp-content\/uploads\/2021\/01\/grafika-000-500x289.jpg 500w, https:\/\/marzuchowska.com\/wp-content\/uploads\/2021\/01\/grafika-000-800x463.jpg 800w, https:\/\/marzuchowska.com\/wp-content\/uploads\/2021\/01\/grafika-000-1280x740.jpg 1280w, https:\/\/marzuchowska.com\/wp-content\/uploads\/2021\/01\/grafika-000-1920x1111.jpg 1920w, https:\/\/marzuchowska.com\/wp-content\/uploads\/2021\/01\/grafika-000-1536x889.jpg 1536w, https:\/\/marzuchowska.com\/wp-content\/uploads\/2021\/01\/grafika-000-2048x1185.jpg 2048w\" sizes=\"(max-width: 1024px) 100vw, 1024px\" \/>\t\t\t\t\t\t\t\t\t\t\t\t\t\t<\/div>\n\t\t\t\t\t\t<\/div>\n\t\t\t\t<\/div>\n\t\t\t\t\t\t<\/div>\n\t\t\t\t\t<\/div>\n\t\t<\/div>\n\t\t\t\t\t\t\t\t<\/div>\n\t\t\t\t\t<\/div>\n\t\t<\/section>\n\t\t\t\t<section class=\"elementor-section elementor-top-section elementor-element elementor-element-1743107e elementor-section-boxed elementor-section-height-default elementor-section-height-default\" data-id=\"1743107e\" data-element_type=\"section\">\n\t\t\t\t\t\t<div class=\"elementor-container elementor-column-gap-no\">\n\t\t\t\t\t\t\t<div class=\"elementor-row\">\n\t\t\t\t\t<div class=\"elementor-column elementor-col-100 elementor-top-column elementor-element elementor-element-253daa83\" data-id=\"253daa83\" data-element_type=\"column\">\n\t\t\t<div class=\"elementor-column-wrap elementor-element-populated\">\n\t\t\t\t\t\t\t<div class=\"elementor-widget-wrap\">\n\t\t\t\t\t\t<div class=\"elementor-element elementor-element-4d8f6332 elementor-widget elementor-widget-text-editor\" data-id=\"4d8f6332\" data-element_type=\"widget\" data-widget_type=\"text-editor.default\">\n\t\t\t\t<div class=\"elementor-widget-container\">\n\t\t\t\t\t\t\t\t<div class=\"elementor-text-editor elementor-clearfix\">\n\t\t\t\t<h4><span class=\"fontstyle0\"><b>EKSPERTYZA DENDROLOGICZNA 270 DRZEW W PARKU SKARYSZEWSKIM im. IGNACEGO JANA PADEREWSKIEGO<\/b><\/span><b>\u00a0 w WARSZAWIE<\/b><\/h4>\t\t\t\t\t<\/div>\n\t\t\t\t\t\t<\/div>\n\t\t\t\t<\/div>\n\t\t\t\t<div class=\"elementor-element elementor-element-fe142a0 elementor-widget-divider--view-line elementor-widget elementor-widget-divider\" data-id=\"fe142a0\" data-element_type=\"widget\" data-widget_type=\"divider.default\">\n\t\t\t\t<div class=\"elementor-widget-container\">\n\t\t\t\t\t<div class=\"elementor-divider\">\n\t\t\t<span class=\"elementor-divider-separator\">\n\t\t\t\t\t\t<\/span>\n\t\t<\/div>\n\t\t\t\t<\/div>\n\t\t\t\t<\/div>\n\t\t\t\t\t\t<\/div>\n\t\t\t\t\t<\/div>\n\t\t<\/div>\n\t\t\t\t\t\t\t\t<\/div>\n\t\t\t\t\t<\/div>\n\t\t<\/section>\n\t\t\t\t<section class=\"elementor-section elementor-top-section elementor-element elementor-element-51ff158f elementor-section-boxed elementor-section-height-default elementor-section-height-default\" data-id=\"51ff158f\" data-element_type=\"section\">\n\t\t\t\t\t\t<div class=\"elementor-container elementor-column-gap-default\">\n\t\t\t\t\t\t\t<div class=\"elementor-row\">\n\t\t\t\t\t<div class=\"elementor-column elementor-col-33 elementor-top-column elementor-element elementor-element-5fe4f6be\" data-id=\"5fe4f6be\" data-element_type=\"column\">\n\t\t\t<div class=\"elementor-column-wrap elementor-element-populated\">\n\t\t\t\t\t\t\t<div class=\"elementor-widget-wrap\">\n\t\t\t\t\t\t<div class=\"elementor-element elementor-element-1354ead9 elementor-widget elementor-widget-text-editor\" data-id=\"1354ead9\" data-element_type=\"widget\" data-widget_type=\"text-editor.default\">\n\t\t\t\t<div class=\"elementor-widget-container\">\n\t\t\t\t\t\t\t\t<div class=\"elementor-text-editor elementor-clearfix\">\n\t\t\t\t<p><strong>LOKALIZACJA:\u00a0<\/strong><\/p><p>Park Skaryszewski im. Ignacego Jana Paderewskiego w Warszawie\u00a0<\/p>\t\t\t\t\t<\/div>\n\t\t\t\t\t\t<\/div>\n\t\t\t\t<\/div>\n\t\t\t\t\t\t<\/div>\n\t\t\t\t\t<\/div>\n\t\t<\/div>\n\t\t\t\t<div class=\"elementor-column elementor-col-33 elementor-top-column elementor-element elementor-element-2707080e\" data-id=\"2707080e\" data-element_type=\"column\">\n\t\t\t<div class=\"elementor-column-wrap elementor-element-populated\">\n\t\t\t\t\t\t\t<div class=\"elementor-widget-wrap\">\n\t\t\t\t\t\t<div class=\"elementor-element elementor-element-74786f52 elementor-widget elementor-widget-text-editor\" data-id=\"74786f52\" data-element_type=\"widget\" data-widget_type=\"text-editor.default\">\n\t\t\t\t<div class=\"elementor-widget-container\">\n\t\t\t\t\t\t\t\t<div class=\"elementor-text-editor elementor-clearfix\">\n\t\t\t\t<p><strong>AUTORZY:&nbsp;<\/strong><\/p><p>Monika Marzuchowska, Maciej Motas (arborysta.com), Rita Pulikowska, Maja Przyjazna&nbsp;<\/p>\t\t\t\t\t<\/div>\n\t\t\t\t\t\t<\/div>\n\t\t\t\t<\/div>\n\t\t\t\t\t\t<\/div>\n\t\t\t\t\t<\/div>\n\t\t<\/div>\n\t\t\t\t<div class=\"elementor-column elementor-col-33 elementor-top-column elementor-element elementor-element-34647af9\" data-id=\"34647af9\" data-element_type=\"column\">\n\t\t\t<div class=\"elementor-column-wrap elementor-element-populated\">\n\t\t\t\t\t\t\t<div class=\"elementor-widget-wrap\">\n\t\t\t\t\t\t<div class=\"elementor-element elementor-element-7e19b509 elementor-widget elementor-widget-text-editor\" data-id=\"7e19b509\" data-element_type=\"widget\" data-widget_type=\"text-editor.default\">\n\t\t\t\t<div class=\"elementor-widget-container\">\n\t\t\t\t\t\t\t\t<div class=\"elementor-text-editor elementor-clearfix\">\n\t\t\t\t<p><strong>ROK:<\/strong><\/p><p>2018\u00a0<\/p>\t\t\t\t\t<\/div>\n\t\t\t\t\t\t<\/div>\n\t\t\t\t<\/div>\n\t\t\t\t\t\t<\/div>\n\t\t\t\t\t<\/div>\n\t\t<\/div>\n\t\t\t\t\t\t\t\t<\/div>\n\t\t\t\t\t<\/div>\n\t\t<\/section>\n\t\t\t\t<section class=\"elementor-section elementor-top-section elementor-element elementor-element-aa5b40b elementor-section-boxed elementor-section-height-default elementor-section-height-default\" data-id=\"aa5b40b\" data-element_type=\"section\">\n\t\t\t\t\t\t<div class=\"elementor-container elementor-column-gap-no\">\n\t\t\t\t\t\t\t<div class=\"elementor-row\">\n\t\t\t\t\t<div class=\"elementor-column elementor-col-100 elementor-top-column elementor-element elementor-element-7fcffc4d\" data-id=\"7fcffc4d\" data-element_type=\"column\">\n\t\t\t<div class=\"elementor-column-wrap elementor-element-populated\">\n\t\t\t\t\t\t\t<div class=\"elementor-widget-wrap\">\n\t\t\t\t\t\t<div class=\"elementor-element elementor-element-2a0318b elementor-widget-divider--view-line elementor-widget elementor-widget-divider\" data-id=\"2a0318b\" data-element_type=\"widget\" data-widget_type=\"divider.default\">\n\t\t\t\t<div class=\"elementor-widget-container\">\n\t\t\t\t\t<div class=\"elementor-divider\">\n\t\t\t<span class=\"elementor-divider-separator\">\n\t\t\t\t\t\t<\/span>\n\t\t<\/div>\n\t\t\t\t<\/div>\n\t\t\t\t<\/div>\n\t\t\t\t\t\t<\/div>\n\t\t\t\t\t<\/div>\n\t\t<\/div>\n\t\t\t\t\t\t\t\t<\/div>\n\t\t\t\t\t<\/div>\n\t\t<\/section>\n\t\t\t\t<section class=\"elementor-section elementor-top-section elementor-element elementor-element-4b204c66 elementor-section-boxed elementor-section-height-default elementor-section-height-default\" data-id=\"4b204c66\" data-element_type=\"section\">\n\t\t\t\t\t\t<div class=\"elementor-container elementor-column-gap-no\">\n\t\t\t\t\t\t\t<div class=\"elementor-row\">\n\t\t\t\t\t<div class=\"elementor-column elementor-col-33 elementor-top-column elementor-element elementor-element-65612bf5\" data-id=\"65612bf5\" data-element_type=\"column\">\n\t\t\t<div class=\"elementor-column-wrap elementor-element-populated\">\n\t\t\t\t\t\t\t<div class=\"elementor-widget-wrap\">\n\t\t\t\t\t\t<div class=\"elementor-element elementor-element-2983a334 elementor-widget elementor-widget-text-editor\" data-id=\"2983a334\" data-element_type=\"widget\" data-widget_type=\"text-editor.default\">\n\t\t\t\t<div class=\"elementor-widget-container\">\n\t\t\t\t\t\t\t\t<div class=\"elementor-text-editor elementor-clearfix\">\n\t\t\t\t<p style=\"font-size: 16px; font-style: normal; font-weight: 300;\"><span class=\"fontstyle0\">Celem opracowania jest wykonanie opinii dendrologicznej drzew, kt\u00f3ra<br>zawiera: ocen\u0119 stanu zdrowotnego, stabilno\u015bci drzewa, ocen\u0119 stopnia<br>zagro\u017cenia ludzi i mienia w najbli\u017cszym otoczeniu oraz zalecenia.<\/span>&nbsp;&nbsp;<\/p>\t\t\t\t\t<\/div>\n\t\t\t\t\t\t<\/div>\n\t\t\t\t<\/div>\n\t\t\t\t\t\t<\/div>\n\t\t\t\t\t<\/div>\n\t\t<\/div>\n\t\t\t\t<div class=\"elementor-column elementor-col-33 elementor-top-column elementor-element elementor-element-5f749f68\" data-id=\"5f749f68\" data-element_type=\"column\">\n\t\t\t<div class=\"elementor-column-wrap\">\n\t\t\t\t\t\t\t<div class=\"elementor-widget-wrap\">\n\t\t\t\t\t\t\t\t<\/div>\n\t\t\t\t\t<\/div>\n\t\t<\/div>\n\t\t\t\t<div class=\"elementor-column elementor-col-33 elementor-top-column elementor-element elementor-element-2d27c424\" data-id=\"2d27c424\" data-element_type=\"column\">\n\t\t\t<div class=\"elementor-column-wrap elementor-element-populated\">\n\t\t\t\t\t\t\t<div class=\"elementor-widget-wrap\">\n\t\t\t\t\t\t<div class=\"elementor-element elementor-element-40f1e293 elementor-widget elementor-widget-text-editor\" data-id=\"40f1e293\" data-element_type=\"widget\" data-widget_type=\"text-editor.default\">\n\t\t\t\t<div class=\"elementor-widget-container\">\n\t\t\t\t\t\t\t\t<div class=\"elementor-text-editor elementor-clearfix\">\n\t\t\t\t<p><span style=\"font-size: 16px; font-style: normal; font-weight: 300;\">W sk\u0142ad oceny drzewa wchodzi podstawowa diagnostyka drzewa bazuj\u0105ca na metodzie VTA <span class=\"fontstyle0\">(Visual Tree Assessement) powszechnie<br \/>wykorzystywanej m.in. w Europie i USA.<br \/>Ponadto dla wybranych drzew przeprowadzono nieinwazyjne<br \/>specjalistyczne badanie stanu zachowania pnia, wykonanego przy<br \/>pomocy tomografu impulsowego ARBOTOM\u2122<\/span>\u00a0<\/span><\/p>\t\t\t\t\t<\/div>\n\t\t\t\t\t\t<\/div>\n\t\t\t\t<\/div>\n\t\t\t\t\t\t<\/div>\n\t\t\t\t\t<\/div>\n\t\t<\/div>\n\t\t\t\t\t\t\t\t<\/div>\n\t\t\t\t\t<\/div>\n\t\t<\/section>\n\t\t\t\t<section class=\"elementor-section elementor-top-section elementor-element elementor-element-9897740 elementor-section-boxed elementor-section-height-default elementor-section-height-default\" data-id=\"9897740\" data-element_type=\"section\">\n\t\t\t\t\t\t<div class=\"elementor-container elementor-column-gap-default\">\n\t\t\t\t\t\t\t<div class=\"elementor-row\">\n\t\t\t\t\t<div class=\"elementor-column elementor-col-100 elementor-top-column elementor-element elementor-element-543e61a\" data-id=\"543e61a\" data-element_type=\"column\">\n\t\t\t<div class=\"elementor-column-wrap elementor-element-populated\">\n\t\t\t\t\t\t\t<div class=\"elementor-widget-wrap\">\n\t\t\t\t\t\t<div class=\"elementor-element elementor-element-aa80cec elementor-widget elementor-widget-spacer\" data-id=\"aa80cec\" data-element_type=\"widget\" data-widget_type=\"spacer.default\">\n\t\t\t\t<div class=\"elementor-widget-container\">\n\t\t\t\t\t<div class=\"elementor-spacer\">\n\t\t\t<div class=\"elementor-spacer-inner\"><\/div>\n\t\t<\/div>\n\t\t\t\t<\/div>\n\t\t\t\t<\/div>\n\t\t\t\t\t\t<\/div>\n\t\t\t\t\t<\/div>\n\t\t<\/div>\n\t\t\t\t\t\t\t\t<\/div>\n\t\t\t\t\t<\/div>\n\t\t<\/section>\n\t\t\t\t<section class=\"elementor-section elementor-top-section elementor-element elementor-element-c1018b1 elementor-section-boxed elementor-section-height-default elementor-section-height-default\" data-id=\"c1018b1\" data-element_type=\"section\">\n\t\t\t\t\t\t<div class=\"elementor-container elementor-column-gap-default\">\n\t\t\t\t\t\t\t<div class=\"elementor-row\">\n\t\t\t\t\t<div class=\"elementor-column elementor-col-50 elementor-top-column elementor-element elementor-element-f096d83\" data-id=\"f096d83\" data-element_type=\"column\">\n\t\t\t<div class=\"elementor-column-wrap elementor-element-populated\">\n\t\t\t\t\t\t\t<div class=\"elementor-widget-wrap\">\n\t\t\t\t\t\t<div class=\"elementor-element elementor-element-ccafcf3 elementor-widget elementor-widget-image\" data-id=\"ccafcf3\" data-element_type=\"widget\" data-widget_type=\"image.default\">\n\t\t\t\t<div class=\"elementor-widget-container\">\n\t\t\t\t\t\t\t\t<div class=\"elementor-image\">\n\t\t\t\t\t\t\t\t\t\t\t\t<img width=\"768\" height=\"1024\" src=\"https:\/\/marzuchowska.com\/wp-content\/uploads\/2021\/01\/drezwo-1-768x1024.jpg\" class=\"attachment-large size-large wp-image-2972\" alt=\"\" loading=\"lazy\" srcset=\"https:\/\/marzuchowska.com\/wp-content\/uploads\/2021\/01\/drezwo-1-768x1024.jpg 768w, https:\/\/marzuchowska.com\/wp-content\/uploads\/2021\/01\/drezwo-1-225x300.jpg 225w, https:\/\/marzuchowska.com\/wp-content\/uploads\/2021\/01\/drezwo-1-500x667.jpg 500w, https:\/\/marzuchowska.com\/wp-content\/uploads\/2021\/01\/drezwo-1-800x1067.jpg 800w, https:\/\/marzuchowska.com\/wp-content\/uploads\/2021\/01\/drezwo-1-1280x1707.jpg 1280w, https:\/\/marzuchowska.com\/wp-content\/uploads\/2021\/01\/drezwo-1-scaled.jpg 1920w, https:\/\/marzuchowska.com\/wp-content\/uploads\/2021\/01\/drezwo-1-1152x1536.jpg 1152w, https:\/\/marzuchowska.com\/wp-content\/uploads\/2021\/01\/drezwo-1-1536x2048.jpg 1536w\" sizes=\"(max-width: 768px) 100vw, 768px\" \/>\t\t\t\t\t\t\t\t\t\t\t\t\t\t<\/div>\n\t\t\t\t\t\t<\/div>\n\t\t\t\t<\/div>\n\t\t\t\t\t\t<\/div>\n\t\t\t\t\t<\/div>\n\t\t<\/div>\n\t\t\t\t<div class=\"elementor-column elementor-col-50 elementor-top-column elementor-element elementor-element-a5429d2\" data-id=\"a5429d2\" data-element_type=\"column\">\n\t\t\t<div class=\"elementor-column-wrap elementor-element-populated\">\n\t\t\t\t\t\t\t<div class=\"elementor-widget-wrap\">\n\t\t\t\t\t\t<div class=\"elementor-element elementor-element-6f3ffd6 elementor-widget elementor-widget-image\" data-id=\"6f3ffd6\" data-element_type=\"widget\" data-widget_type=\"image.default\">\n\t\t\t\t<div class=\"elementor-widget-container\">\n\t\t\t\t\t\t\t\t<div class=\"elementor-image\">\n\t\t\t\t\t\t\t\t\t\t\t\t<img width=\"768\" height=\"1024\" src=\"https:\/\/marzuchowska.com\/wp-content\/uploads\/2021\/01\/drzewo2-768x1024.jpg\" class=\"attachment-large size-large wp-image-2973\" alt=\"\" loading=\"lazy\" srcset=\"https:\/\/marzuchowska.com\/wp-content\/uploads\/2021\/01\/drzewo2-768x1024.jpg 768w, https:\/\/marzuchowska.com\/wp-content\/uploads\/2021\/01\/drzewo2-225x300.jpg 225w, https:\/\/marzuchowska.com\/wp-content\/uploads\/2021\/01\/drzewo2-500x667.jpg 500w, https:\/\/marzuchowska.com\/wp-content\/uploads\/2021\/01\/drzewo2-800x1067.jpg 800w, https:\/\/marzuchowska.com\/wp-content\/uploads\/2021\/01\/drzewo2-1280x1707.jpg 1280w, https:\/\/marzuchowska.com\/wp-content\/uploads\/2021\/01\/drzewo2-scaled.jpg 1920w, https:\/\/marzuchowska.com\/wp-content\/uploads\/2021\/01\/drzewo2-1152x1536.jpg 1152w, https:\/\/marzuchowska.com\/wp-content\/uploads\/2021\/01\/drzewo2-1536x2048.jpg 1536w\" sizes=\"(max-width: 768px) 100vw, 768px\" \/>\t\t\t\t\t\t\t\t\t\t\t\t\t\t<\/div>\n\t\t\t\t\t\t<\/div>\n\t\t\t\t<\/div>\n\t\t\t\t\t\t<\/div>\n\t\t\t\t\t<\/div>\n\t\t<\/div>\n\t\t\t\t\t\t\t\t<\/div>\n\t\t\t\t\t<\/div>\n\t\t<\/section>\n\t\t\t\t\t\t\t\t\t<\/div>\n\t\t\t<\/div>\n\t\t\t\t\t<\/div>\n\t\t","protected":false},"excerpt":{"rendered":"<p>EKSPERTYZA DENDROLOGICZNA 270 DRZEW W PARKU SKARYSZEWSKIM im. IGNACEGO JANA PADEREWSKIEGO\u00a0 w WARSZAWIE LOKALIZACJA:\u00a0 Park Skaryszewski im. Ignacego Jana Paderewskiego w Warszawie\u00a0 AUTORZY:&nbsp; Monika Marzuchowska, Maciej Motas (arborysta.com), Rita Pulikowska, Maja Przyjazna&nbsp; ROK: 2018\u00a0 Celem opracowania jest wykonanie opinii dendrologicznej drzew, kt\u00f3razawiera: ocen\u0119 stanu zdrowotnego, stabilno\u015bci drzewa, ocen\u0119 stopniazagro\u017cenia ludzi i mienia w najbli\u017cszym otoczeniu &hellip;<\/p>\n<p class=\"read-more\"> <a class=\"\" href=\"https:\/\/marzuchowska.com\/?page_id=2943\"> <span class=\"screen-reader-text\">PARK SKARYSZEWSKI<\/span> Read More &raquo;<\/a><\/p>\n","protected":false},"author":2,"featured_media":0,"parent":2203,"menu_order":0,"comment_status":"closed","ping_status":"closed","template":"","meta":{"_uag_custom_page_level_css":"","_vp_format_video_url":"","_vp_image_focal_point":[],"_links_to":"","_links_to_target":""},"uagb_featured_image_src":{"full":false,"thumbnail":false,"medium":false,"medium_large":false,"large":false,"1536x1536":false,"2048x2048":false,"vp_sm":false,"vp_md":false,"vp_lg":false,"vp_xl":false,"vp_sm_popup":false,"vp_md_popup":false,"vp_xl_popup":false},"uagb_author_info":{"display_name":"monika","author_link":"https:\/\/marzuchowska.com\/?author=2"},"uagb_comment_info":0,"uagb_excerpt":"EKSPERTYZA DENDROLOGICZNA 270 DRZEW W PARKU SKARYSZEWSKIM im. IGNACEGO JANA PADEREWSKIEGO\u00a0 w WARSZAWIE LOKALIZACJA:\u00a0 Park Skaryszewski im. Ignacego Jana Paderewskiego w Warszawie\u00a0 AUTORZY:&nbsp; Monika Marzuchowska, Maciej Motas (arborysta.com), Rita Pulikowska, Maja Przyjazna&nbsp; ROK: 2018\u00a0 Celem opracowania jest wykonanie opinii dendrologicznej drzew, kt\u00f3razawiera: ocen\u0119 stanu zdrowotnego, stabilno\u015bci drzewa, ocen\u0119 stopniazagro\u017cenia ludzi i mienia w najbli\u017cszym otoczeniu&hellip;","_links":{"self":[{"href":"https:\/\/marzuchowska.com\/index.php?rest_route=\/wp\/v2\/pages\/2943"}],"collection":[{"href":"https:\/\/marzuchowska.com\/index.php?rest_route=\/wp\/v2\/pages"}],"about":[{"href":"https:\/\/marzuchowska.com\/index.php?rest_route=\/wp\/v2\/types\/page"}],"author":[{"embeddable":true,"href":"https:\/\/marzuchowska.com\/index.php?rest_route=\/wp\/v2\/users\/2"}],"replies":[{"embeddable":true,"href":"https:\/\/marzuchowska.com\/index.php?rest_route=%2Fwp%2Fv2%2Fcomments&post=2943"}],"version-history":[{"count":52,"href":"https:\/\/marzuchowska.com\/index.php?rest_route=\/wp\/v2\/pages\/2943\/revisions"}],"predecessor-version":[{"id":3449,"href":"https:\/\/marzuchowska.com\/index.php?rest_route=\/wp\/v2\/pages\/2943\/revisions\/3449"}],"up":[{"embeddable":true,"href":"https:\/\/marzuchowska.com\/index.php?rest_route=\/wp\/v2\/pages\/2203"}],"wp:attachment":[{"href":"https:\/\/marzuchowska.com\/index.php?rest_route=%2Fwp%2Fv2%2Fmedia&parent=2943"}],"curies":[{"name":"wp","href":"https:\/\/api.w.org\/{rel}","templated":true}]}}