{"id":3070,"date":"2021-01-09T22:41:02","date_gmt":"2021-01-09T22:41:02","guid":{"rendered":"https:\/\/marzuchowska.com\/?page_id=3070"},"modified":"2021-01-09T23:17:01","modified_gmt":"2021-01-09T23:17:01","slug":"ekspertyza-drzew-lubin","status":"publish","type":"page","link":"https:\/\/marzuchowska.com\/?page_id=3070","title":{"rendered":"Ekspertyza drzew, Lubin"},"content":{"rendered":"\t\t<div data-elementor-type=\"wp-page\" data-elementor-id=\"3070\" class=\"elementor elementor-3070\">\n\t\t\t\t\t\t<div class=\"elementor-inner\">\n\t\t\t\t<div class=\"elementor-section-wrap\">\n\t\t\t\t\t\t\t\t\t<section class=\"elementor-section elementor-top-section elementor-element elementor-element-48804365 elementor-section-full_width elementor-section-height-default elementor-section-height-default\" data-id=\"48804365\" data-element_type=\"section\">\n\t\t\t\t\t\t<div class=\"elementor-container elementor-column-gap-no\">\n\t\t\t\t\t\t\t<div class=\"elementor-row\">\n\t\t\t\t\t<div class=\"elementor-column elementor-col-100 elementor-top-column elementor-element elementor-element-193280b4\" data-id=\"193280b4\" data-element_type=\"column\">\n\t\t\t<div class=\"elementor-column-wrap elementor-element-populated\">\n\t\t\t\t\t\t\t<div class=\"elementor-widget-wrap\">\n\t\t\t\t\t\t<div class=\"elementor-element elementor-element-204933b0 elementor-widget elementor-widget-image\" data-id=\"204933b0\" data-element_type=\"widget\" data-widget_type=\"image.default\">\n\t\t\t\t<div class=\"elementor-widget-container\">\n\t\t\t\t\t\t\t\t<div class=\"elementor-image\">\n\t\t\t\t\t\t\t\t\t\t\t\t<img width=\"1024\" height=\"680\" src=\"https:\/\/marzuchowska.com\/wp-content\/uploads\/2021\/01\/DSC0106-1024x680.jpg\" class=\"attachment-large size-large wp-image-3072\" alt=\"\" loading=\"lazy\" srcset=\"https:\/\/marzuchowska.com\/wp-content\/uploads\/2021\/01\/DSC0106-1024x680.jpg 1024w, https:\/\/marzuchowska.com\/wp-content\/uploads\/2021\/01\/DSC0106-300x199.jpg 300w, https:\/\/marzuchowska.com\/wp-content\/uploads\/2021\/01\/DSC0106-768x510.jpg 768w, https:\/\/marzuchowska.com\/wp-content\/uploads\/2021\/01\/DSC0106-500x332.jpg 500w, https:\/\/marzuchowska.com\/wp-content\/uploads\/2021\/01\/DSC0106-800x531.jpg 800w, https:\/\/marzuchowska.com\/wp-content\/uploads\/2021\/01\/DSC0106-1280x850.jpg 1280w, https:\/\/marzuchowska.com\/wp-content\/uploads\/2021\/01\/DSC0106-1920x1275.jpg 1920w, https:\/\/marzuchowska.com\/wp-content\/uploads\/2021\/01\/DSC0106-1536x1020.jpg 1536w, https:\/\/marzuchowska.com\/wp-content\/uploads\/2021\/01\/DSC0106-2048x1360.jpg 2048w\" sizes=\"(max-width: 1024px) 100vw, 1024px\" \/>\t\t\t\t\t\t\t\t\t\t\t\t\t\t<\/div>\n\t\t\t\t\t\t<\/div>\n\t\t\t\t<\/div>\n\t\t\t\t\t\t<\/div>\n\t\t\t\t\t<\/div>\n\t\t<\/div>\n\t\t\t\t\t\t\t\t<\/div>\n\t\t\t\t\t<\/div>\n\t\t<\/section>\n\t\t\t\t<section class=\"elementor-section elementor-top-section elementor-element elementor-element-231788b6 elementor-section-boxed elementor-section-height-default elementor-section-height-default\" data-id=\"231788b6\" data-element_type=\"section\">\n\t\t\t\t\t\t<div class=\"elementor-container elementor-column-gap-no\">\n\t\t\t\t\t\t\t<div class=\"elementor-row\">\n\t\t\t\t\t<div class=\"elementor-column elementor-col-100 elementor-top-column elementor-element elementor-element-2f6aef44\" data-id=\"2f6aef44\" data-element_type=\"column\">\n\t\t\t<div class=\"elementor-column-wrap elementor-element-populated\">\n\t\t\t\t\t\t\t<div class=\"elementor-widget-wrap\">\n\t\t\t\t\t\t<div class=\"elementor-element elementor-element-67177026 elementor-widget elementor-widget-text-editor\" data-id=\"67177026\" data-element_type=\"widget\" data-widget_type=\"text-editor.default\">\n\t\t\t\t<div class=\"elementor-widget-container\">\n\t\t\t\t\t\t\t\t<div class=\"elementor-text-editor elementor-clearfix\">\n\t\t\t\t<h4><strong><span class=\"fontstyle0\">PRZEGL\u0104D 86 SZTUK DRZEW POD K\u0104TEM WYZNACZENIA ZABIEG\u00d3W PIEL\u0118GNACYJNYCH ORAZ KWALIFIKACJI CZ\u0118\u015aCI Z NICH DO POG\u0141\u0118BIONEJ DIAGNOSTYKI Z U\u017bYCIEM SPECJALISTYCZNYCH URZ\u0104DZE\u0143<\/span><\/strong><\/h4>\t\t\t\t\t<\/div>\n\t\t\t\t\t\t<\/div>\n\t\t\t\t<\/div>\n\t\t\t\t\t\t<\/div>\n\t\t\t\t\t<\/div>\n\t\t<\/div>\n\t\t\t\t\t\t\t\t<\/div>\n\t\t\t\t\t<\/div>\n\t\t<\/section>\n\t\t\t\t<section class=\"elementor-section elementor-top-section elementor-element elementor-element-4aaec657 elementor-section-boxed elementor-section-height-default elementor-section-height-default\" data-id=\"4aaec657\" data-element_type=\"section\">\n\t\t\t\t\t\t<div class=\"elementor-container elementor-column-gap-no\">\n\t\t\t\t\t\t\t<div class=\"elementor-row\">\n\t\t\t\t\t<div class=\"elementor-column elementor-col-33 elementor-top-column elementor-element elementor-element-6c4e3297\" data-id=\"6c4e3297\" data-element_type=\"column\">\n\t\t\t<div class=\"elementor-column-wrap elementor-element-populated\">\n\t\t\t\t\t\t\t<div class=\"elementor-widget-wrap\">\n\t\t\t\t\t\t<div class=\"elementor-element elementor-element-5b8ce35e elementor-widget elementor-widget-text-editor\" data-id=\"5b8ce35e\" data-element_type=\"widget\" data-widget_type=\"text-editor.default\">\n\t\t\t\t<div class=\"elementor-widget-container\">\n\t\t\t\t\t\t\t\t<div class=\"elementor-text-editor elementor-clearfix\">\n\t\t\t\t<p><strong>Lokalizacja:<\/strong>&nbsp;<span style=\"font-size: 16px; font-style: normal; font-weight: 300;\">Lubin, woj. lubuskie<\/span><br><strong>Autorzy:<\/strong>&nbsp;<span style=\"font-size: 16px; font-style: normal; font-weight: 300;\">&nbsp;Monika Marzuchowska, Maciej Motas (arborysta.com),&nbsp;<\/span>Piotr Czarny (Silveco)<br><strong>Rok: <\/strong>2018<\/p>\t\t\t\t\t<\/div>\n\t\t\t\t\t\t<\/div>\n\t\t\t\t<\/div>\n\t\t\t\t<div class=\"elementor-element elementor-element-2beeb979 elementor-widget elementor-widget-text-editor\" data-id=\"2beeb979\" data-element_type=\"widget\" data-widget_type=\"text-editor.default\">\n\t\t\t\t<div class=\"elementor-widget-container\">\n\t\t\t\t\t\t\t\t<div class=\"elementor-text-editor elementor-clearfix\">\n\t\t\t\t<p style=\"font-size: 16px; font-style: normal; font-weight: 300;\"><span class=\"fontstyle0\">Opracowanie dotyczy wykonania przegl\u0105du stanu zdrowotnego 86<br \/>szt. drzew zlokalizowanych na terenie miasta Lubin.<br \/>Celem opracowania jest wykonanie opinii dendrologicznej drzew,<br \/>kt\u00f3ra zawiera: ocen\u0119 stanu zdrowotnego, stabilno\u015bci drzewa, ocen\u0119<br \/>stopnia zagro\u017cenia ludzi i mienia w najbli\u017cszym otoczeniu oraz<br \/>zalecenia.<\/span><\/p>\t\t\t\t\t<\/div>\n\t\t\t\t\t\t<\/div>\n\t\t\t\t<\/div>\n\t\t\t\t\t\t<\/div>\n\t\t\t\t\t<\/div>\n\t\t<\/div>\n\t\t\t\t<div class=\"elementor-column elementor-col-33 elementor-top-column elementor-element elementor-element-3d7b50ce\" data-id=\"3d7b50ce\" data-element_type=\"column\">\n\t\t\t<div class=\"elementor-column-wrap\">\n\t\t\t\t\t\t\t<div class=\"elementor-widget-wrap\">\n\t\t\t\t\t\t\t\t<\/div>\n\t\t\t\t\t<\/div>\n\t\t<\/div>\n\t\t\t\t<div class=\"elementor-column elementor-col-33 elementor-top-column elementor-element elementor-element-7544efc3\" data-id=\"7544efc3\" data-element_type=\"column\">\n\t\t\t<div class=\"elementor-column-wrap elementor-element-populated\">\n\t\t\t\t\t\t\t<div class=\"elementor-widget-wrap\">\n\t\t\t\t\t\t<div class=\"elementor-element elementor-element-44778ef4 elementor-widget elementor-widget-spacer\" data-id=\"44778ef4\" data-element_type=\"widget\" data-widget_type=\"spacer.default\">\n\t\t\t\t<div class=\"elementor-widget-container\">\n\t\t\t\t\t<div class=\"elementor-spacer\">\n\t\t\t<div class=\"elementor-spacer-inner\"><\/div>\n\t\t<\/div>\n\t\t\t\t<\/div>\n\t\t\t\t<\/div>\n\t\t\t\t<div class=\"elementor-element elementor-element-740e585d elementor-widget elementor-widget-text-editor\" data-id=\"740e585d\" data-element_type=\"widget\" data-widget_type=\"text-editor.default\">\n\t\t\t\t<div class=\"elementor-widget-container\">\n\t\t\t\t\t\t\t\t<div class=\"elementor-text-editor elementor-clearfix\">\n\t\t\t\t<p><span class=\"fontstyle0\">W sk\u0142ad oceny drzewa wchodzi \u2013 podstawowa diagnostyka drzewa<br \/>bazuj\u0105ca na metodzie VTA (Visual Tree Assessement) powszechnie<br \/>wykorzystywanej m.in. w Niemczech<\/span>\u00a0\u00a0<\/p>\t\t\t\t\t<\/div>\n\t\t\t\t\t\t<\/div>\n\t\t\t\t<\/div>\n\t\t\t\t\t\t<\/div>\n\t\t\t\t\t<\/div>\n\t\t<\/div>\n\t\t\t\t\t\t\t\t<\/div>\n\t\t\t\t\t<\/div>\n\t\t<\/section>\n\t\t\t\t<section class=\"elementor-section elementor-top-section elementor-element elementor-element-36c34bce elementor-section-boxed elementor-section-height-default elementor-section-height-default\" data-id=\"36c34bce\" data-element_type=\"section\">\n\t\t\t\t\t\t<div class=\"elementor-container elementor-column-gap-no\">\n\t\t\t\t\t\t\t<div class=\"elementor-row\">\n\t\t\t\t\t<div class=\"elementor-column elementor-col-33 elementor-top-column elementor-element elementor-element-62452f2e\" data-id=\"62452f2e\" data-element_type=\"column\" data-settings=\"{&quot;background_background&quot;:&quot;classic&quot;}\">\n\t\t\t<div class=\"elementor-column-wrap elementor-element-populated\">\n\t\t\t\t\t\t\t<div class=\"elementor-widget-wrap\">\n\t\t\t\t\t\t<div class=\"elementor-element elementor-element-3e24550 elementor-widget elementor-widget-image\" data-id=\"3e24550\" data-element_type=\"widget\" data-widget_type=\"image.default\">\n\t\t\t\t<div class=\"elementor-widget-container\">\n\t\t\t\t\t\t\t\t<div class=\"elementor-image\">\n\t\t\t\t\t\t\t\t\t\t\t\t<img width=\"680\" height=\"1024\" src=\"https:\/\/marzuchowska.com\/wp-content\/uploads\/2021\/01\/DSC0002-1-680x1024.jpg\" class=\"attachment-large size-large wp-image-3077\" alt=\"\" loading=\"lazy\" srcset=\"https:\/\/marzuchowska.com\/wp-content\/uploads\/2021\/01\/DSC0002-1-680x1024.jpg 680w, https:\/\/marzuchowska.com\/wp-content\/uploads\/2021\/01\/DSC0002-1-199x300.jpg 199w, https:\/\/marzuchowska.com\/wp-content\/uploads\/2021\/01\/DSC0002-1-768x1156.jpg 768w, https:\/\/marzuchowska.com\/wp-content\/uploads\/2021\/01\/DSC0002-1-500x753.jpg 500w, https:\/\/marzuchowska.com\/wp-content\/uploads\/2021\/01\/DSC0002-1-800x1204.jpg 800w, https:\/\/marzuchowska.com\/wp-content\/uploads\/2021\/01\/DSC0002-1-1280x1927.jpg 1280w, https:\/\/marzuchowska.com\/wp-content\/uploads\/2021\/01\/DSC0002-1-1920x2891.jpg 1920w, https:\/\/marzuchowska.com\/wp-content\/uploads\/2021\/01\/DSC0002-1-1020x1536.jpg 1020w, https:\/\/marzuchowska.com\/wp-content\/uploads\/2021\/01\/DSC0002-1-1360x2048.jpg 1360w, https:\/\/marzuchowska.com\/wp-content\/uploads\/2021\/01\/DSC0002-1-scaled.jpg 1700w\" sizes=\"(max-width: 680px) 100vw, 680px\" \/>\t\t\t\t\t\t\t\t\t\t\t\t\t\t<\/div>\n\t\t\t\t\t\t<\/div>\n\t\t\t\t<\/div>\n\t\t\t\t\t\t<\/div>\n\t\t\t\t\t<\/div>\n\t\t<\/div>\n\t\t\t\t<div class=\"elementor-column elementor-col-33 elementor-top-column elementor-element elementor-element-5fe0a797\" data-id=\"5fe0a797\" data-element_type=\"column\">\n\t\t\t<div class=\"elementor-column-wrap\">\n\t\t\t\t\t\t\t<div class=\"elementor-widget-wrap\">\n\t\t\t\t\t\t\t\t<\/div>\n\t\t\t\t\t<\/div>\n\t\t<\/div>\n\t\t\t\t<div class=\"elementor-column elementor-col-33 elementor-top-column elementor-element elementor-element-d9b9efe\" data-id=\"d9b9efe\" data-element_type=\"column\">\n\t\t\t<div class=\"elementor-column-wrap elementor-element-populated\">\n\t\t\t\t\t\t\t<div class=\"elementor-widget-wrap\">\n\t\t\t\t\t\t<div class=\"elementor-element elementor-element-7d2793fc elementor-widget elementor-widget-image\" data-id=\"7d2793fc\" data-element_type=\"widget\" data-widget_type=\"image.default\">\n\t\t\t\t<div class=\"elementor-widget-container\">\n\t\t\t\t\t\t\t\t<div class=\"elementor-image\">\n\t\t\t\t\t\t\t\t\t\t\t\t<img width=\"680\" height=\"1024\" src=\"https:\/\/marzuchowska.com\/wp-content\/uploads\/2021\/01\/DSC0925-680x1024.jpg\" class=\"attachment-large size-large wp-image-3078\" alt=\"\" loading=\"lazy\" srcset=\"https:\/\/marzuchowska.com\/wp-content\/uploads\/2021\/01\/DSC0925-680x1024.jpg 680w, https:\/\/marzuchowska.com\/wp-content\/uploads\/2021\/01\/DSC0925-199x300.jpg 199w, https:\/\/marzuchowska.com\/wp-content\/uploads\/2021\/01\/DSC0925-768x1156.jpg 768w, https:\/\/marzuchowska.com\/wp-content\/uploads\/2021\/01\/DSC0925-500x753.jpg 500w, https:\/\/marzuchowska.com\/wp-content\/uploads\/2021\/01\/DSC0925-800x1204.jpg 800w, https:\/\/marzuchowska.com\/wp-content\/uploads\/2021\/01\/DSC0925-1280x1927.jpg 1280w, https:\/\/marzuchowska.com\/wp-content\/uploads\/2021\/01\/DSC0925-1920x2891.jpg 1920w, https:\/\/marzuchowska.com\/wp-content\/uploads\/2021\/01\/DSC0925-1020x1536.jpg 1020w, https:\/\/marzuchowska.com\/wp-content\/uploads\/2021\/01\/DSC0925-1360x2048.jpg 1360w, https:\/\/marzuchowska.com\/wp-content\/uploads\/2021\/01\/DSC0925-scaled.jpg 1700w\" sizes=\"(max-width: 680px) 100vw, 680px\" \/>\t\t\t\t\t\t\t\t\t\t\t\t\t\t<\/div>\n\t\t\t\t\t\t<\/div>\n\t\t\t\t<\/div>\n\t\t\t\t\t\t<\/div>\n\t\t\t\t\t<\/div>\n\t\t<\/div>\n\t\t\t\t\t\t\t\t<\/div>\n\t\t\t\t\t<\/div>\n\t\t<\/section>\n\t\t\t\t\t\t\t\t\t<\/div>\n\t\t\t<\/div>\n\t\t\t\t\t<\/div>\n\t\t","protected":false},"excerpt":{"rendered":"<p>PRZEGL\u0104D 86 SZTUK DRZEW POD K\u0104TEM WYZNACZENIA ZABIEG\u00d3W PIEL\u0118GNACYJNYCH ORAZ KWALIFIKACJI CZ\u0118\u015aCI Z NICH DO POG\u0141\u0118BIONEJ DIAGNOSTYKI Z U\u017bYCIEM SPECJALISTYCZNYCH URZ\u0104DZE\u0143 Lokalizacja:&nbsp;Lubin, woj. lubuskie Autorzy:&nbsp;&nbsp;Monika Marzuchowska, Maciej Motas (arborysta.com),&nbsp;Piotr Czarny (Silveco) Rok: 2018 Opracowanie dotyczy wykonania przegl\u0105du stanu zdrowotnego 86 szt. drzew zlokalizowanych na terenie miasta Lubin. Celem opracowania jest wykonanie opinii dendrologicznej drzew, kt\u00f3ra &hellip;<\/p>\n<p class=\"read-more\"> <a class=\"\" href=\"https:\/\/marzuchowska.com\/?page_id=3070\"> <span class=\"screen-reader-text\">Ekspertyza drzew, Lubin<\/span> Read More &raquo;<\/a><\/p>\n","protected":false},"author":2,"featured_media":0,"parent":2203,"menu_order":0,"comment_status":"closed","ping_status":"closed","template":"","meta":{"_uag_custom_page_level_css":"","_vp_format_video_url":"","_vp_image_focal_point":[],"_links_to":"","_links_to_target":""},"uagb_featured_image_src":{"full":false,"thumbnail":false,"medium":false,"medium_large":false,"large":false,"1536x1536":false,"2048x2048":false,"vp_sm":false,"vp_md":false,"vp_lg":false,"vp_xl":false,"vp_sm_popup":false,"vp_md_popup":false,"vp_xl_popup":false},"uagb_author_info":{"display_name":"monika","author_link":"https:\/\/marzuchowska.com\/?author=2"},"uagb_comment_info":0,"uagb_excerpt":"PRZEGL\u0104D 86 SZTUK DRZEW POD K\u0104TEM WYZNACZENIA ZABIEG\u00d3W PIEL\u0118GNACYJNYCH ORAZ KWALIFIKACJI CZ\u0118\u015aCI Z NICH DO POG\u0141\u0118BIONEJ DIAGNOSTYKI Z U\u017bYCIEM SPECJALISTYCZNYCH URZ\u0104DZE\u0143 Lokalizacja:&nbsp;Lubin, woj. lubuskie Autorzy:&nbsp;&nbsp;Monika Marzuchowska, Maciej Motas (arborysta.com),&nbsp;Piotr Czarny (Silveco) Rok: 2018 Opracowanie dotyczy wykonania przegl\u0105du stanu zdrowotnego 86 szt. drzew zlokalizowanych na terenie miasta Lubin. Celem opracowania jest wykonanie opinii dendrologicznej drzew, kt\u00f3ra&hellip;","_links":{"self":[{"href":"https:\/\/marzuchowska.com\/index.php?rest_route=\/wp\/v2\/pages\/3070"}],"collection":[{"href":"https:\/\/marzuchowska.com\/index.php?rest_route=\/wp\/v2\/pages"}],"about":[{"href":"https:\/\/marzuchowska.com\/index.php?rest_route=\/wp\/v2\/types\/page"}],"author":[{"embeddable":true,"href":"https:\/\/marzuchowska.com\/index.php?rest_route=\/wp\/v2\/users\/2"}],"replies":[{"embeddable":true,"href":"https:\/\/marzuchowska.com\/index.php?rest_route=%2Fwp%2Fv2%2Fcomments&post=3070"}],"version-history":[{"count":11,"href":"https:\/\/marzuchowska.com\/index.php?rest_route=\/wp\/v2\/pages\/3070\/revisions"}],"predecessor-version":[{"id":3087,"href":"https:\/\/marzuchowska.com\/index.php?rest_route=\/wp\/v2\/pages\/3070\/revisions\/3087"}],"up":[{"embeddable":true,"href":"https:\/\/marzuchowska.com\/index.php?rest_route=\/wp\/v2\/pages\/2203"}],"wp:attachment":[{"href":"https:\/\/marzuchowska.com\/index.php?rest_route=%2Fwp%2Fv2%2Fmedia&parent=3070"}],"curies":[{"name":"wp","href":"https:\/\/api.w.org\/{rel}","templated":true}]}}